[INFO] cloning repository https://github.com/Pzixel/boyan_detector_bot
[INFO] running `Command { std: "git" "-c" "credential.helper=" "-c" "credential.helper=/workspace/cargo-home/bin/git-credential-null" "clone" "--bare" "https://github.com/Pzixel/boyan_detector_bot" "/workspace/cache/git-repos/https%3A%2F%2Fgithub.com%2FPzixel%2Fboyan_detector_bot", kill_on_drop: false }`
[INFO] [stderr] Cloning into bare repository '/workspace/cache/git-repos/https%3A%2F%2Fgithub.com%2FPzixel%2Fboyan_detector_bot'...
[INFO] running `Command { std: "git" "rev-parse" "HEAD", kill_on_drop: false }`
[INFO] [stdout] 63c703459b7818fae70bc489e232e104694c9b2d
[INFO] checking Pzixel/boyan_detector_bot against master#9610dfe5a9a731ced1ea4923ecbd0c57fe367898 for beta-170-4
[INFO] running `Command { std: "git" "clone" "/workspace/cache/git-repos/https%3A%2F%2Fgithub.com%2FPzixel%2Fboyan_detector_bot" "/workspace/builds/worker-6-tc1/source", kill_on_drop: false }`
[INFO] [stderr] Cloning into '/workspace/builds/worker-6-tc1/source'...
[INFO] [stderr] done.
[INFO] validating manifest of git repo https://github.com/Pzixel/boyan_detector_bot on toolchain 9610dfe5a9a731ced1ea4923ecbd0c57fe367898
[INFO] running `Command { std: CARGO_HOME="/workspace/cargo-home" RUSTUP_HOME="/workspace/rustup-home" "/workspace/cargo-home/bin/cargo" "+9610dfe5a9a731ced1ea4923ecbd0c57fe367898" "metadata" "--manifest-path" "Cargo.toml" "--no-deps", kill_on_drop: false }`
[INFO] started tweaking git repo https://github.com/Pzixel/boyan_detector_bot
[INFO] finished tweaking git repo https://github.com/Pzixel/boyan_detector_bot
[INFO] tweaked toml for git repo https://github.com/Pzixel/boyan_detector_bot written to /workspace/builds/worker-6-tc1/source/Cargo.toml
[INFO] crate git repo https://github.com/Pzixel/boyan_detector_bot already has a lockfile, it will not be regenerated
[INFO] running `Command { std: CARGO_HOME="/workspace/cargo-home" RUSTUP_HOME="/workspace/rustup-home" "/workspace/cargo-home/bin/cargo" "+9610dfe5a9a731ced1ea4923ecbd0c57fe367898" "fetch" "--manifest-path" "Cargo.toml", kill_on_drop: false }`
[INFO] [stderr]     Updating crates.io index
[INFO] [stderr]     Updating git repository `https://github.com/nebgnahz/cv-rs.git`
[INFO] [stderr]     Updating git submodule `https://github.com/opencv/opencv.git`
[INFO] [stderr]     Updating git submodule `https://github.com/opencv/opencv_contrib.git`
[INFO] [stderr]  Downloading crates ...
[INFO] [stderr]   Downloaded tokio-async-await v0.1.5
[INFO] [stderr]   Downloaded rand_isaac v0.1.0
[INFO] [stderr]   Downloaded flate2-crc v0.1.1
[INFO] [stderr]   Downloaded serde_yaml v0.8.7
[INFO] [stderr]   Downloaded tokio-sync v0.1.1
[INFO] [stderr]   Downloaded tokio v0.1.15
[INFO] [stderr]   Downloaded flate2 v1.0.5
[INFO] [stderr]   Downloaded http v0.1.15
[INFO] [stderr]   Downloaded hyper v0.12.23
[INFO] [stderr]   Downloaded libc v0.2.44
[INFO] [stderr]   Downloaded redox_syscall v0.1.42
[INFO] [stderr]   Downloaded log4rs v0.8.1
[INFO] [stderr]   Downloaded toml v0.4.9
[INFO] running `Command { std: "docker" "create" "-v" "/var/lib/crater-agent-workspace/builds/worker-6-tc1/target:/opt/rustwide/target:rw,Z" "-v" "/var/lib/crater-agent-workspace/builds/worker-6-tc1/source:/opt/rustwide/workdir:ro,Z" "-v" "/var/lib/crater-agent-workspace/cargo-home:/opt/rustwide/cargo-home:ro,Z" "-v" "/var/lib/crater-agent-workspace/rustup-home:/opt/rustwide/rustup-home:ro,Z" "-e" "SOURCE_DIR=/opt/rustwide/workdir" "-e" "CARGO_TARGET_DIR=/opt/rustwide/target" "-e" "CARGO_HOME=/opt/rustwide/cargo-home" "-e" "RUSTUP_HOME=/opt/rustwide/rustup-home" "-w" "/opt/rustwide/workdir" "-m" "1610612736" "--user" "0:0" "--network" "none" "ghcr.io/rust-lang/crates-build-env/linux@sha256:5ff2268d62e97bff2cde7d5815dd6ed5b47097566f13b8d0ca110b04b60e07ed" "/opt/rustwide/cargo-home/bin/cargo" "+9610dfe5a9a731ced1ea4923ecbd0c57fe367898" "metadata" "--no-deps" "--format-version=1", kill_on_drop: false }`
[INFO] [stdout] ad1e2f8ba98506d287744ebc0e77051792a63c97544e6bbc8cce3b5957653bdd
[INFO] running `Command { std: "docker" "start" "-a" "ad1e2f8ba98506d287744ebc0e77051792a63c97544e6bbc8cce3b5957653bdd", kill_on_drop: false }`
[INFO] running `Command { std: "docker" "inspect" "ad1e2f8ba98506d287744ebc0e77051792a63c97544e6bbc8cce3b5957653bdd", kill_on_drop: false }`
[INFO] running `Command { std: "docker" "rm" "-f" "ad1e2f8ba98506d287744ebc0e77051792a63c97544e6bbc8cce3b5957653bdd", kill_on_drop: false }`
[INFO] [stdout] ad1e2f8ba98506d287744ebc0e77051792a63c97544e6bbc8cce3b5957653bdd
[INFO] running `Command { std: "docker" "create" "-v" "/var/lib/crater-agent-workspace/builds/worker-6-tc1/target:/opt/rustwide/target:rw,Z" "-v" "/var/lib/crater-agent-workspace/builds/worker-6-tc1/source:/opt/rustwide/workdir:ro,Z" "-v" "/var/lib/crater-agent-workspace/cargo-home:/opt/rustwide/cargo-home:ro,Z" "-v" "/var/lib/crater-agent-workspace/rustup-home:/opt/rustwide/rustup-home:ro,Z" "-e" "SOURCE_DIR=/opt/rustwide/workdir" "-e" "CARGO_TARGET_DIR=/opt/rustwide/target" "-e" "CARGO_INCREMENTAL=0" "-e" "RUST_BACKTRACE=full" "-e" "RUSTFLAGS=--cap-lints=forbid" "-e" "RUSTDOCFLAGS=--cap-lints=forbid" "-e" "CARGO_HOME=/opt/rustwide/cargo-home" "-e" "RUSTUP_HOME=/opt/rustwide/rustup-home" "-w" "/opt/rustwide/workdir" "-m" "1610612736" "--user" "0:0" "--network" "none" "ghcr.io/rust-lang/crates-build-env/linux@sha256:5ff2268d62e97bff2cde7d5815dd6ed5b47097566f13b8d0ca110b04b60e07ed" "/opt/rustwide/cargo-home/bin/cargo" "+9610dfe5a9a731ced1ea4923ecbd0c57fe367898" "check" "--frozen" "--all" "--all-targets" "--message-format=json", kill_on_drop: false }`
[INFO] [stdout] d50dc15c5e8199318b354bedcdede8e2cb5019d109989ac8bd6a8510e70b5f55
[INFO] running `Command { std: "docker" "start" "-a" "d50dc15c5e8199318b354bedcdede8e2cb5019d109989ac8bd6a8510e70b5f55", kill_on_drop: false }`
[INFO] [stderr]    Compiling libc v0.2.44
[INFO] [stderr]     Checking cfg-if v0.1.6
[INFO] [stderr]    Compiling nodrop v0.1.13
[INFO] [stderr]    Compiling lazy_static v1.2.0
[INFO] [stderr]    Compiling memoffset v0.2.1
[INFO] [stderr]    Compiling scopeguard v0.3.3
[INFO] [stderr]    Compiling serde v1.0.87
[INFO] [stderr]    Compiling either v1.5.0
[INFO] [stderr]     Checking futures v0.1.25
[INFO] [stderr]     Checking rand_core v0.3.0
[INFO] [stderr]     Checking byteorder v1.2.7
[INFO] [stderr]    Compiling rayon-core v1.4.1
[INFO] [stderr]    Compiling proc-macro2 v0.4.24
[INFO] [stderr]     Checking slab v0.4.1
[INFO] [stderr]    Compiling rayon v1.0.3
[INFO] [stderr]    Compiling crossbeam-utils v0.2.2
[INFO] [stderr]     Checking crossbeam-utils v0.6.1
[INFO] [stderr]    Compiling arrayvec v0.4.7
[INFO] [stderr]     Checking void v1.0.2
[INFO] [stderr]     Checking lazycell v1.2.0
[INFO] [stderr]    Compiling rand_chacha v0.1.0
[INFO] [stderr]    Compiling rand_pcg v0.1.1
[INFO] [stderr]    Compiling rand v0.6.1
[INFO] [stderr]     Checking itoa v0.4.3
[INFO] [stderr]     Checking unreachable v1.0.0
[INFO] [stderr]     Checking rand_core v0.2.2
[INFO] [stderr]     Checking rand_isaac v0.1.0
[INFO] [stderr]     Checking rand_hc v0.1.0
[INFO] [stderr]     Checking rand_xorshift v0.1.0
[INFO] [stderr]     Checking smallvec v0.6.6
[INFO] [stderr]    Compiling ryu v0.2.7
[INFO] [stderr]    Compiling openssl v0.10.15
[INFO] [stderr]     Checking rustc-demangle v0.1.9
[INFO] [stderr]    Compiling crossbeam-epoch v0.3.1
[INFO] [stderr]    Compiling num-integer v0.1.39
[INFO] [stderr]     Checking crossbeam-epoch v0.6.1
[INFO] [stderr]    Compiling flate2-crc v0.1.1
[INFO] [stderr]    Compiling httparse v1.3.3
[INFO] [stderr]     Checking string v0.1.2
[INFO] [stderr]     Checking try-lock v0.2.2
[INFO] [stderr]     Checking indexmap v1.0.2
[INFO] [stderr]    Compiling crossbeam-deque v0.2.0
[INFO] [stderr]    Compiling native-tls v0.2.2
[INFO] [stderr]     Checking crossbeam-deque v0.6.2
[INFO] [stderr]     Checking yaml-rust v0.4.2
[INFO] [stderr]     Checking dtoa v0.4.3
[INFO] [stderr]     Checking openssl-probe v0.1.2
[INFO] [stderr]     Checking quick-error v1.2.2
[INFO] [stderr]     Checking textwrap v0.10.0
[INFO] [stderr]     Checking log-mdc v0.1.0
[INFO] [stderr]    Compiling boyan_detector_bot v0.2.0 (/opt/rustwide/workdir)
[INFO] [stderr]     Checking humantime v1.1.1
[INFO] [stderr]     Checking strsim v0.7.0
[INFO] [stderr]     Checking antidote v1.0.0
[INFO] [stderr]    Compiling num_cpus v1.8.0
[INFO] [stderr]     Checking crossbeam v0.3.2
[INFO] [stderr]     Checking vec_map v0.8.1
[INFO] [stderr]     Checking iovec v0.1.2
[INFO] [stderr]     Checking net2 v0.2.33
[INFO] [stderr]     Checking rand v0.5.5
[INFO] [stderr]    Compiling quote v0.6.10
[INFO] [stderr]     Checking bytes v0.4.11
[INFO] [stderr]     Checking time v0.1.40
[INFO] [stderr]    Compiling syn v0.15.26
[INFO] [stderr]     Checking atty v0.2.11
[INFO] [stderr]     Checking thread-id v3.3.0
[INFO] [stderr]     Checking clap v2.32.0
[INFO] [stderr]     Checking chrono v0.4.6
[INFO] [stderr]     Checking tokio-executor v0.1.5
[INFO] [stderr]     Checking tokio-sync v0.1.1
[INFO] [stderr]     Checking futures-cpupool v0.1.8
[INFO] [stderr]     Checking http v0.1.15
[INFO] [stderr]     Checking tokio-current-thread v0.1.4
[INFO] [stderr]     Checking tokio-timer v0.2.8
[INFO] [stderr]     Checking parking_lot_core v0.3.1
[INFO] [stderr]     Checking parking_lot v0.6.4
[INFO] [stderr]    Compiling cc v1.0.25
[INFO] [stderr]    Compiling synstructure v0.10.1
[INFO] [stderr]     Checking log v0.4.6
[INFO] [stderr]     Checking serde_json v1.0.38
[INFO] [stderr]     Checking serde_yaml v0.8.7
[INFO] [stderr]     Checking toml v0.4.9
[INFO] [stderr]     Checking serde-value v0.5.3
[INFO] [stderr]    Compiling openssl-sys v0.9.39
[INFO] [stderr]    Compiling backtrace-sys v0.1.24
[INFO] [stderr]     Checking tokio-io v0.1.10
[INFO] [stderr]     Checking mio v0.6.16
[INFO] [stderr]     Checking tokio-threadpool v0.1.9
[INFO] [stderr]    Compiling miniz-sys v0.1.11
[INFO] [stderr]    Compiling cv v0.2.2 (https://github.com/nebgnahz/cv-rs.git#403a44a4)
[INFO] [stderr]     Checking want v0.0.6
[INFO] [stderr]    Compiling serde_derive v1.0.87
[INFO] [stderr]    Compiling failure_derive v0.1.5
[INFO] [stderr]     Checking tokio-codec v0.1.1
[INFO] [stderr]     Checking tokio-async-await v0.1.5
[INFO] [stderr]     Checking h2 v0.1.13
[INFO] [stdout] error[E0557]: feature has been removed
[INFO] [stdout]  --> /opt/rustwide/cargo-home/registry/src/index.crates.io-6f17d22bba15001f/tokio-async-await-0.1.5/src/lib.rs:6:5
[INFO] [stdout]   |
[INFO] [stdout] 6 |     await_macro,
[INFO] [stdout]   |     ^^^^^^^^^^^ feature has been removed
[INFO] [stdout]   |
[INFO] [stdout]   = note: subsumed by `.await` syntax
[INFO] [stdout] 
[INFO] [stdout] 
[INFO] [stdout] error[E0432]: unresolved import `std::task::LocalWaker`
[INFO] [stdout]  --> /opt/rustwide/cargo-home/registry/src/index.crates.io-6f17d22bba15001f/tokio-async-await-0.1.5/src/compat/forward.rs:7:17
[INFO] [stdout]   |
[INFO] [stdout] 7 | use std::task::{LocalWaker, Poll as StdPoll};
[INFO] [stdout]   |                 ^^^^^^^^^^ no `LocalWaker` in `task`
[INFO] [stdout] 
[INFO] [stdout] 
[INFO] [stdout] error[E0432]: unresolved imports `std::task::LocalWaker`, `std::task::UnsafeWake`
[INFO] [stdout]   --> /opt/rustwide/cargo-home/registry/src/index.crates.io-6f17d22bba15001f/tokio-async-await-0.1.5/src/compat/backward.rs:9:5
[INFO] [stdout]    |
[INFO] [stdout] 9  |     LocalWaker,
[INFO] [stdout]    |     ^^^^^^^^^^ no `LocalWaker` in `task`
[INFO] [stdout] 10 |     Poll as StdPoll,
[INFO] [stdout] 11 |     UnsafeWake,
[INFO] [stdout]    |     ^^^^^^^^^^ no `UnsafeWake` in `task`
[INFO] [stdout] 
[INFO] [stdout] 
[INFO] [stdout] error[E0432]: unresolved import `std::task::LocalWaker`
[INFO] [stdout]  --> /opt/rustwide/cargo-home/registry/src/index.crates.io-6f17d22bba15001f/tokio-async-await-0.1.5/src/io/flush.rs:8:17
[INFO] [stdout]   |
[INFO] [stdout] 8 | use std::task::{LocalWaker, Poll};
[INFO] [stdout]   |                 ^^^^^^^^^^ no `LocalWaker` in `task`
[INFO] [stdout] 
[INFO] [stdout] 
[INFO] [stdout] error[E0432]: unresolved import `std::task::LocalWaker`
[INFO] [stdout]  --> /opt/rustwide/cargo-home/registry/src/index.crates.io-6f17d22bba15001f/tokio-async-await-0.1.5/src/stream/next.rs:6:17
[INFO] [stdout]   |
[INFO] [stdout] 6 | use std::task::{LocalWaker, Poll};
[INFO] [stdout]   |                 ^^^^^^^^^^ no `LocalWaker` in `task`
[INFO] [stdout] 
[INFO] [stdout] 
[INFO] [stdout] error[E0432]: unresolved import `std::await`
[INFO] [stdout]   --> /opt/rustwide/cargo-home/registry/src/index.crates.io-6f17d22bba15001f/tokio-async-await-0.1.5/src/lib.rs:76:9
[INFO] [stdout]    |
[INFO] [stdout] 76 | pub use std::await as std_await;
[INFO] [stdout]    |         ^^^^^^^^^^^^^^^^^^^^^^^ no `await` in the root
[INFO] [stdout] 
[INFO] [stdout] 
[INFO] [stdout] error[E0412]: cannot find type `LocalWaker` in module `task`
[INFO] [stdout]   --> /opt/rustwide/cargo-home/registry/src/index.crates.io-6f17d22bba15001f/tokio-async-await-0.1.5/src/io/read.rs:32:51
[INFO] [stdout]    |
[INFO] [stdout] 32 |     fn poll(mut self: Pin<&mut Self>, _lw: &task::LocalWaker) -> Poll<Self::Output> {
[INFO] [stdout]    |                                                   ^^^^^^^^^^ not found in `task`
[INFO] [stdout] 
[INFO] [stdout] 
[INFO] [stdout] error[E0412]: cannot find type `LocalWaker` in module `task`
[INFO] [stdout]   --> /opt/rustwide/cargo-home/registry/src/index.crates.io-6f17d22bba15001f/tokio-async-await-0.1.5/src/io/read_exact.rs:37:51
[INFO] [stdout]    |
[INFO] [stdout] 37 |     fn poll(mut self: Pin<&mut Self>, _lw: &task::LocalWaker) -> Poll<Self::Output> {
[INFO] [stdout]    |                                                   ^^^^^^^^^^ not found in `task`
[INFO] [stdout] 
[INFO] [stdout] 
[INFO] [stdout] error[E0412]: cannot find type `LocalWaker` in module `task`
[INFO] [stdout]   --> /opt/rustwide/cargo-home/registry/src/index.crates.io-6f17d22bba15001f/tokio-async-await-0.1.5/src/io/write.rs:32:51
[INFO] [stdout]    |
[INFO] [stdout] 32 |     fn poll(mut self: Pin<&mut Self>, _lw: &task::LocalWaker) -> Poll<io::Result<usize>> {
[INFO] [stdout]    |                                                   ^^^^^^^^^^ not found in `task`
[INFO] [stdout] 
[INFO] [stdout] 
[INFO] [stdout] error[E0412]: cannot find type `LocalWaker` in module `task`
[INFO] [stdout]   --> /opt/rustwide/cargo-home/registry/src/index.crates.io-6f17d22bba15001f/tokio-async-await-0.1.5/src/io/write_all.rs:37:51
[INFO] [stdout]    |
[INFO] [stdout] 37 |     fn poll(mut self: Pin<&mut Self>, _lw: &task::LocalWaker) -> Poll<io::Result<()>> {
[INFO] [stdout]    |                                                   ^^^^^^^^^^ not found in `task`
[INFO] [stdout] 
[INFO] [stdout] 
[INFO] [stdout] error[E0412]: cannot find type `LocalWaker` in module `task`
[INFO] [stdout]   --> /opt/rustwide/cargo-home/registry/src/index.crates.io-6f17d22bba15001f/tokio-async-await-0.1.5/src/sink/send.rs:31:51
[INFO] [stdout]    |
[INFO] [stdout] 31 |     fn poll(mut self: Pin<&mut Self>, _lw: &task::LocalWaker) -> Poll<Self::Output> {
[INFO] [stdout]    |                                                   ^^^^^^^^^^ not found in `task`
[INFO] [stdout] 
[INFO] [stdout] 
[INFO] [stdout] error: aborting due to 11 previous errors
[INFO] [stdout] 
[INFO] [stdout] 
[INFO] [stdout] Some errors have detailed explanations: E0412, E0432, E0557.
[INFO] [stdout] 
[INFO] [stdout] For more information about an error, try `rustc --explain E0412`.
[INFO] [stdout] 
[INFO] [stderr] error: could not compile `tokio-async-await` (lib) due to 12 previous errors
[INFO] [stderr] warning: build failed, waiting for other jobs to finish...
[INFO] [stderr] The following warnings were emitted during compilation:
[INFO] [stderr] 
[INFO] [stderr] warning: In file included from native/highgui.cc:1:
[INFO] [stderr] warning: native/highgui.h:4:10: fatal error: opencv2/core.hpp: No such file or directory
[INFO] [stderr] warning:     4 | #include <opencv2/core.hpp>
[INFO] [stderr] warning:       |          ^~~~~~~~~~~~~~~~~~
[INFO] [stderr] warning: compilation terminated.
[INFO] [stderr] warning: native/utils.cc:1:10: fatal error: opencv2/core.hpp: No such file or directory
[INFO] [stderr] warning:     1 | #include <opencv2/core.hpp>
[INFO] [stderr] warning:       |          ^~~~~~~~~~~~~~~~~~
[INFO] [stderr] warning: compilation terminated.
[INFO] [stderr] warning: In file included from native/common-rust.h:4,
[INFO] [stderr] warning:                  from native/common-rust.cc:1:
[INFO] [stderr] warning: native/common.h:6:10: fatal error: opencv2/core.hpp: No such file or directory
[INFO] [stderr] warning:     6 | #include <opencv2/core.hpp>
[INFO] [stderr] warning:       |          ^~~~~~~~~~~~~~~~~~
[INFO] [stderr] warning: In file included from native/text.h:4,
[INFO] [stderr] warning:                  from native/text.cc:1:
[INFO] [stderr] warning: native/common.h:6:10: fatal error: opencv2/core.hpp: No such file or directory
[INFO] [stderr] warning:     6 | #include <opencv2/core.hpp>
[INFO] [stderr] warning:       |          ^~~~~~~~~~~~~~~~~~
[INFO] [stderr] warning: compilation terminated.
[INFO] [stderr] warning: In file included from native/videoio.h:4,
[INFO] [stderr] warning:                  from native/videoio.cc:1:
[INFO] [stderr] warning: native/common.h:6:10: fatal error: opencv2/core.hpp: No such file or directory
[INFO] [stderr] warning:     6 | #include <opencv2/core.hpp>
[INFO] [stderr] warning:       |          ^~~~~~~~~~~~~~~~~~
[INFO] [stderr] warning: compilation terminated.
[INFO] [stderr] warning: compilation terminated.
[INFO] [stderr] warning: In file included from native/imgproc.h:4,
[INFO] [stderr] warning:                  from native/imgproc.cc:1:
[INFO] [stderr] warning: native/common.h:6:10: fatal error: opencv2/core.hpp: No such file or directory
[INFO] [stderr] warning:     6 | #include <opencv2/core.hpp>
[INFO] [stderr] warning:       |          ^~~~~~~~~~~~~~~~~~
[INFO] [stderr] warning: compilation terminated.
[INFO] [stderr] warning: native/hash.cc:1:10: fatal error: opencv2/core.hpp: No such file or directory
[INFO] [stderr] warning:     1 | #include <opencv2/core.hpp>
[INFO] [stderr] warning:       |          ^~~~~~~~~~~~~~~~~~
[INFO] [stderr] warning: compilation terminated.
[INFO] [stderr] warning: In file included from native/imcodecs.h:4,
[INFO] [stderr] warning:                  from native/imcodecs.cc:1:
[INFO] [stderr] warning: native/common.h:6:10: fatal error: opencv2/core.hpp: No such file or directory
[INFO] [stderr] warning:     6 | #include <opencv2/core.hpp>
[INFO] [stderr] warning:       |          ^~~~~~~~~~~~~~~~~~
[INFO] [stderr] warning: compilation terminated.
[INFO] [stderr] warning: In file included from native/mat.h:4,
[INFO] [stderr] warning:                  from native/mat.cc:1:
[INFO] [stderr] warning: native/common.h:6:10: fatal error: opencv2/core.hpp: No such file or directory
[INFO] [stderr] warning:     6 | #include <opencv2/core.hpp>
[INFO] [stderr] warning:       |          ^~~~~~~~~~~~~~~~~~
[INFO] [stderr] warning: compilation terminated.
[INFO] [stderr] warning: In file included from native/features2d.h:4,
[INFO] [stderr] warning:                  from native/features2d.cc:1:
[INFO] [stderr] warning: native/common.h:6:10: fatal error: opencv2/core.hpp: No such file or directory
[INFO] [stderr] warning:     6 | #include <opencv2/core.hpp>
[INFO] [stderr] warning:       |          ^~~~~~~~~~~~~~~~~~
[INFO] [stderr] warning: compilation terminated.
[INFO] [stderr] warning: In file included from native/objdetect.h:4,
[INFO] [stderr] warning:                  from native/objdetect.cc:1:
[INFO] [stderr] warning: native/common.h:6:10: fatal error: opencv2/core.hpp: No such file or directory
[INFO] [stderr] warning:     6 | #include <opencv2/core.hpp>
[INFO] [stderr] warning:       |          ^~~~~~~~~~~~~~~~~~
[INFO] [stderr] warning: compilation terminated.
[INFO] [stderr] warning: In file included from native/video.h:4,
[INFO] [stderr] warning:                  from native/video.cc:1:
[INFO] [stderr] warning: native/common.h:6:10: fatal error: opencv2/core.hpp: No such file or directory
[INFO] [stderr] warning:     6 | #include <opencv2/core.hpp>
[INFO] [stderr] warning:       |          ^~~~~~~~~~~~~~~~~~
[INFO] [stderr] warning: compilation terminated.
[INFO] [stderr] 
[INFO] [stderr] error: failed to run custom build command for `cv v0.2.2 (https://github.com/nebgnahz/cv-rs.git#403a44a4)`
[INFO] [stderr] note: To improve backtraces for build dependencies, set the CARGO_PROFILE_DEV_BUILD_OVERRIDE_DEBUG=true environment variable to enable debug information generation.
[INFO] [stderr] 
[INFO] [stderr] Caused by:
[INFO] [stderr]   process didn't exit successfully: `/opt/rustwide/target/debug/build/cv-e7f94b359bf28c7f/build-script-build` (exit status: 101)
[INFO] [stderr]   --- stdout
[INFO] [stderr]   TARGET = Some("x86_64-unknown-linux-gnu")
[INFO] [stderr]   OPT_LEVEL = Some("0")
[INFO] [stderr]   HOST = Some("x86_64-unknown-linux-gnu")
[INFO] [stderr]   CXX_x86_64-unknown-linux-gnu = None
[INFO] [stderr]   CXX_x86_64_unknown_linux_gnu = None
[INFO] [stderr]   HOST_CXX = None
[INFO] [stderr]   CXX = None
[INFO] [stderr]   CXXFLAGS_x86_64-unknown-linux-gnu = None
[INFO] [stderr]   CXXFLAGS_x86_64_unknown_linux_gnu = None
[INFO] [stderr]   HOST_CXXFLAGS = None
[INFO] [stderr]   CXXFLAGS = None
[INFO] [stderr]   DEBUG = Some("true")
[INFO] [stderr]   running: "c++" "-O0" "-ffunction-sections" "-fdata-sections" "-fPIC" "-g" "-fno-omit-frame-pointer" "-m64" "-I" "native" "-I" "/usr/local/include" "-Wall" "-Wextra" "--std=c++11" "-o" "/opt/rustwide/target/debug/build/cv-fe6cc1332676a634/out/native/utils.o" "-c" "native/utils.cc"
[INFO] [stderr]   running: "c++" "-O0" "-ffunction-sections" "-fdata-sections" "-fPIC" "-g" "-fno-omit-frame-pointer" "-m64" "-I" "native" "-I" "/usr/local/include" "-Wall" "-Wextra" "--std=c++11" "-o" "/opt/rustwide/target/debug/build/cv-fe6cc1332676a634/out/native/text.o" "-c" "native/text.cc"
[INFO] [stderr]   running: "c++" "-O0" "-ffunction-sections" "-fdata-sections" "-fPIC" "-g" "-fno-omit-frame-pointer" "-m64" "-I" "native" "-I" "/usr/local/include" "-Wall" "-Wextra" "--std=c++11" "-o" "/opt/rustwide/target/debug/build/cv-fe6cc1332676a634/out/native/imcodecs.o" "-c" "native/imcodecs.cc"
[INFO] [stderr]   running: "c++" "-O0" "-ffunction-sections" "-fdata-sections" "-fPIC" "-g" "-fno-omit-frame-pointer" "-m64" "-I" "native" "-I" "/usr/local/include" "-Wall" "-Wextra" "--std=c++11" "-o" "/opt/rustwide/target/debug/build/cv-fe6cc1332676a634/out/native/mat.o" "-c" "native/mat.cc"
[INFO] [stderr]   running: "c++" "-O0" "-ffunction-sections" "-fdata-sections" "-fPIC" "-g" "-fno-omit-frame-pointer" "-m64" "-I" "native" "-I" "/usr/local/include" "-Wall" "-Wextra" "--std=c++11" "-o" "/opt/rustwide/target/debug/build/cv-fe6cc1332676a634/out/native/objdetect.o" "-c" "native/objdetect.cc"
[INFO] [stderr]   running: "c++" "-O0" "-ffunction-sections" "-fdata-sections" "-fPIC" "-g" "-fno-omit-frame-pointer" "-m64" "-I" "native" "-I" "/usr/local/include" "-Wall" "-Wextra" "--std=c++11" "-o" "/opt/rustwide/target/debug/build/cv-fe6cc1332676a634/out/native/common-rust.o" "-c" "native/common-rust.cc"
[INFO] [stderr]   running: "c++" "-O0" "-ffunction-sections" "-fdata-sections" "-fPIC" "-g" "-fno-omit-frame-pointer" "-m64" "-I" "native" "-I" "/usr/local/include" "-Wall" "-Wextra" "--std=c++11" "-o" "/opt/rustwide/target/debug/build/cv-fe6cc1332676a634/out/native/features2d.o" "-c" "native/features2d.cc"
[INFO] [stderr]   running: "c++" "-O0" "-ffunction-sections" "-fdata-sections" "-fPIC" "-g" "-fno-omit-frame-pointer" "-m64" "-I" "native" "-I" "/usr/local/include" "-Wall" "-Wextra" "--std=c++11" "-o" "/opt/rustwide/target/debug/build/cv-fe6cc1332676a634/out/native/highgui.o" "-c" "native/highgui.cc"
[INFO] [stderr]   running: "c++" "-O0" "-ffunction-sections" "-fdata-sections" "-fPIC" "-g" "-fno-omit-frame-pointer" "-m64" "-I" "native" "-I" "/usr/local/include" "-Wall" "-Wextra" "--std=c++11" "-o" "/opt/rustwide/target/debug/build/cv-fe6cc1332676a634/out/native/hash.o" "-c" "native/hash.cc"
[INFO] [stderr]   running: "c++" "-O0" "-ffunction-sections" "-fdata-sections" "-fPIC" "-g" "-fno-omit-frame-pointer" "-m64" "-I" "native" "-I" "/usr/local/include" "-Wall" "-Wextra" "--std=c++11" "-o" "/opt/rustwide/target/debug/build/cv-fe6cc1332676a634/out/native/video.o" "-c" "native/video.cc"
[INFO] [stderr]   running: "c++" "-O0" "-ffunction-sections" "-fdata-sections" "-fPIC" "-g" "-fno-omit-frame-pointer" "-m64" "-I" "native" "-I" "/usr/local/include" "-Wall" "-Wextra" "--std=c++11" "-o" "/opt/rustwide/target/debug/build/cv-fe6cc1332676a634/out/native/imgproc.o" "-c" "native/imgproc.cc"
[INFO] [stderr]   running: "c++" "-O0" "-ffunction-sections" "-fdata-sections" "-fPIC" "-g" "-fno-omit-frame-pointer" "-m64" "-I" "native" "-I" "/usr/local/include" "-Wall" "-Wextra" "--std=c++11" "-o" "/opt/rustwide/target/debug/build/cv-fe6cc1332676a634/out/native/videoio.o" "-c" "native/videoio.cc"
[INFO] [stderr]   cargo:warning=In file included from native/highgui.cc:1:
[INFO] [stderr]   cargo:warning=native/highgui.h:4:10: fatal error: opencv2/core.hpp: No such file or directory
[INFO] [stderr]   cargo:warning=    4 | #include <opencv2/core.hpp>
[INFO] [stderr]   cargo:warning=      |          ^~~~~~~~~~~~~~~~~~
[INFO] [stderr]   cargo:warning=compilation terminated.
[INFO] [stderr]   exit status: 1
[INFO] [stderr]   cargo:warning=native/utils.cc:1:10: fatal error: opencv2/core.hpp: No such file or directory
[INFO] [stderr]   cargo:warning=    1 | #include <opencv2/core.hpp>
[INFO] [stderr]   cargo:warning=      |          ^~~~~~~~~~~~~~~~~~
[INFO] [stderr]   cargo:warning=compilation terminated.
[INFO] [stderr]   exit status: 1
[INFO] [stderr]   cargo:warning=In file included from native/common-rust.h:4,
[INFO] [stderr]   cargo:warning=                 from native/common-rust.cc:1:
[INFO] [stderr]   cargo:warning=native/common.h:6:10: fatal error: opencv2/core.hpp: No such file or directory
[INFO] [stderr]   cargo:warning=    6 | #include <opencv2/core.hpp>
[INFO] [stderr]   cargo:warning=      |          ^~~~~~~~~~~~~~~~~~
[INFO] [stderr]   cargo:warning=In file included from native/text.h:4,
[INFO] [stderr]   cargo:warning=                 from native/text.cc:1:
[INFO] [stderr]   cargo:warning=native/common.h:6:10: fatal error: opencv2/core.hpp: No such file or directory
[INFO] [stderr]   cargo:warning=    6 | #include <opencv2/core.hpp>
[INFO] [stderr]   cargo:warning=      |          ^~~~~~~~~~~~~~~~~~
[INFO] [stderr]   cargo:warning=compilation terminated.
[INFO] [stderr]   cargo:warning=In file included from native/videoio.h:4,
[INFO] [stderr]   cargo:warning=                 from native/videoio.cc:1:
[INFO] [stderr]   cargo:warning=native/common.h:6:10: fatal error: opencv2/core.hpp: No such file or directory
[INFO] [stderr]   cargo:warning=    6 | #include <opencv2/core.hpp>
[INFO] [stderr]   cargo:warning=      |          ^~~~~~~~~~~~~~~~~~
[INFO] [stderr]   cargo:warning=compilation terminated.
[INFO] [stderr]   cargo:warning=compilation terminated.
[INFO] [stderr]   cargo:warning=In file included from native/imgproc.h:4,
[INFO] [stderr]   cargo:warning=                 from native/imgproc.cc:1:
[INFO] [stderr]   cargo:warning=native/common.h:6:10: fatal error: opencv2/core.hpp: No such file or directory
[INFO] [stderr]   cargo:warning=    6 | #include <opencv2/core.hpp>
[INFO] [stderr]   cargo:warning=      |          ^~~~~~~~~~~~~~~~~~
[INFO] [stderr]   cargo:warning=compilation terminated.
[INFO] [stderr]   cargo:warning=native/hash.cc:1:10: fatal error: opencv2/core.hpp: No such file or directory
[INFO] [stderr]   cargo:warning=    1 | #include <opencv2/core.hpp>
[INFO] [stderr]   cargo:warning=      |          ^~~~~~~~~~~~~~~~~~
[INFO] [stderr]   cargo:warning=compilation terminated.
[INFO] [stderr]   exit status: 1
[INFO] [stderr]   exit status: 1
[INFO] [stderr]   exit status: 1
[INFO] [stderr]   cargo:warning=In file included from native/imcodecs.h:4,
[INFO] [stderr]   cargo:warning=                 from native/imcodecs.cc:1:
[INFO] [stderr]   cargo:warning=native/common.h:6:10: fatal error: opencv2/core.hpp: No such file or directory
[INFO] [stderr]   cargo:warning=    6 | #include <opencv2/core.hpp>
[INFO] [stderr]   cargo:warning=      |          ^~~~~~~~~~~~~~~~~~
[INFO] [stderr]   cargo:warning=compilation terminated.
[INFO] [stderr]   exit status: 1
[INFO] [stderr]   exit status: 1
[INFO] [stderr]   cargo:warning=In file included from native/mat.h:4,
[INFO] [stderr]   cargo:warning=                 from native/mat.cc:1:
[INFO] [stderr]   cargo:warning=native/common.h:6:10: fatal error: opencv2/core.hpp: No such file or directory
[INFO] [stderr]   cargo:warning=    6 | #include <opencv2/core.hpp>
[INFO] [stderr]   cargo:warning=      |          ^~~~~~~~~~~~~~~~~~
[INFO] [stderr]   cargo:warning=compilation terminated.
[INFO] [stderr]   cargo:warning=In file included from native/features2d.h:4,
[INFO] [stderr]   cargo:warning=                 from native/features2d.cc:1:
[INFO] [stderr]   cargo:warning=native/common.h:6:10: fatal error: opencv2/core.hpp: No such file or directory
[INFO] [stderr]   cargo:warning=    6 | #include <opencv2/core.hpp>
[INFO] [stderr]   cargo:warning=      |          ^~~~~~~~~~~~~~~~~~
[INFO] [stderr]   cargo:warning=compilation terminated.
[INFO] [stderr]   cargo:warning=In file included from native/objdetect.h:4,
[INFO] [stderr]   cargo:warning=                 from native/objdetect.cc:1:
[INFO] [stderr]   cargo:warning=native/common.h:6:10: fatal error: opencv2/core.hpp: No such file or directory
[INFO] [stderr]   cargo:warning=    6 | #include <opencv2/core.hpp>
[INFO] [stderr]   cargo:warning=      |          ^~~~~~~~~~~~~~~~~~
[INFO] [stderr]   cargo:warning=compilation terminated.
[INFO] [stderr]   exit status: 1
[INFO] [stderr]   exit status: 1
[INFO] [stderr]   exit status: 1
[INFO] [stderr]   exit status: 1
[INFO] [stderr]   cargo:warning=In file included from native/video.h:4,
[INFO] [stderr]   cargo:warning=                 from native/video.cc:1:
[INFO] [stderr]   cargo:warning=native/common.h:6:10: fatal error: opencv2/core.hpp: No such file or directory
[INFO] [stderr]   cargo:warning=    6 | #include <opencv2/core.hpp>
[INFO] [stderr]   cargo:warning=      |          ^~~~~~~~~~~~~~~~~~
[INFO] [stderr]   cargo:warning=compilation terminated.
[INFO] [stderr]   exit status: 1
[INFO] [stderr] 
[INFO] [stderr]   --- stderr
[INFO] [stderr]   thread 'main' panicked at '
[INFO] [stderr] 
[INFO] [stderr]   Internal error occurred: Command "c++" "-O0" "-ffunction-sections" "-fdata-sections" "-fPIC" "-g" "-fno-omit-frame-pointer" "-m64" "-I" "native" "-I" "/usr/local/include" "-Wall" "-Wextra" "--std=c++11" "-o" "/opt/rustwide/target/debug/build/cv-fe6cc1332676a634/out/native/highgui.o" "-c" "native/highgui.cc" with args "c++" did not execute successfully (status code exit status: 1).
[INFO] [stderr] 
[INFO] [stderr]   ', /opt/rustwide/cargo-home/registry/src/index.crates.io-6f17d22bba15001f/cc-1.0.25/src/lib.rs:2260:5
[INFO] [stderr]   stack backtrace:
[INFO] [stderr]      0:     0x55dc651294d1 - std::backtrace_rs::backtrace::libunwind::trace::h036e87df56fc4b9d
[INFO] [stderr]                                  at /rustc/9610dfe5a9a731ced1ea4923ecbd0c57fe367898/library/std/src/../../backtrace/src/backtrace/libunwind.rs:93:5
[INFO] [stderr]      1:     0x55dc651294d1 - std::backtrace_rs::backtrace::trace_unsynchronized::hd61eb2dbd6ae476a
[INFO] [stderr]                                  at /rustc/9610dfe5a9a731ced1ea4923ecbd0c57fe367898/library/std/src/../../backtrace/src/backtrace/mod.rs:66:5
[INFO] [stderr]      2:     0x55dc651294d1 - std::sys_common::backtrace::_print_fmt::h00c50d0875db23c9
[INFO] [stderr]                                  at /rustc/9610dfe5a9a731ced1ea4923ecbd0c57fe367898/library/std/src/sys_common/backtrace.rs:65:5
[INFO] [stderr]      3:     0x55dc651294d1 - <std::sys_common::backtrace::_print::DisplayBacktrace as core::fmt::Display>::fmt::h63195ab2dde77ccc
[INFO] [stderr]                                  at /rustc/9610dfe5a9a731ced1ea4923ecbd0c57fe367898/library/std/src/sys_common/backtrace.rs:44:22
[INFO] [stderr]      4:     0x55dc6514ba8f - core::fmt::rt::Argument::fmt::h83f4110348c688f4
[INFO] [stderr]                                  at /rustc/9610dfe5a9a731ced1ea4923ecbd0c57fe367898/library/core/src/fmt/rt.rs:138:9
[INFO] [stderr]      5:     0x55dc6514ba8f - core::fmt::write::h509367dd365f983a
[INFO] [stderr]                                  at /rustc/9610dfe5a9a731ced1ea4923ecbd0c57fe367898/library/core/src/fmt/mod.rs:1094:21
[INFO] [stderr]      6:     0x55dc651263e1 - std::io::Write::write_fmt::h8e60bfebdaabfee5
[INFO] [stderr]                                  at /rustc/9610dfe5a9a731ced1ea4923ecbd0c57fe367898/library/std/src/io/mod.rs:1713:15
[INFO] [stderr]      7:     0x55dc651292e5 - std::sys_common::backtrace::_print::h96e550016098cde6
[INFO] [stderr]                                  at /rustc/9610dfe5a9a731ced1ea4923ecbd0c57fe367898/library/std/src/sys_common/backtrace.rs:47:5
[INFO] [stderr]      8:     0x55dc651292e5 - std::sys_common::backtrace::print::h7a049611b153a02e
[INFO] [stderr]                                  at /rustc/9610dfe5a9a731ced1ea4923ecbd0c57fe367898/library/std/src/sys_common/backtrace.rs:34:9
[INFO] [stderr]      9:     0x55dc6512a9b7 - std::panicking::default_hook::{{closure}}::h1b023d46676794c4
[INFO] [stderr]     10:     0x55dc6512a7a4 - std::panicking::default_hook::hea2961dabcf68e83
[INFO] [stderr]                                  at /rustc/9610dfe5a9a731ced1ea4923ecbd0c57fe367898/library/std/src/panicking.rs:288:9
[INFO] [stderr]     11:     0x55dc6512ae6c - std::panicking::rust_panic_with_hook::h4285c91a8168b001
[INFO] [stderr]                                  at /rustc/9610dfe5a9a731ced1ea4923ecbd0c57fe367898/library/std/src/panicking.rs:705:13
[INFO] [stderr]     12:     0x55dc6512ad67 - std::panicking::begin_panic_handler::{{closure}}::h6ebd0d46f0c6b010
[INFO] [stderr]                                  at /rustc/9610dfe5a9a731ced1ea4923ecbd0c57fe367898/library/std/src/panicking.rs:597:13
[INFO] [stderr]     13:     0x55dc65129906 - std::sys_common::backtrace::__rust_end_short_backtrace::h92042d128576b63a
[INFO] [stderr]                                  at /rustc/9610dfe5a9a731ced1ea4923ecbd0c57fe367898/library/std/src/sys_common/backtrace.rs:151:18
[INFO] [stderr]     14:     0x55dc6512aab2 - rust_begin_unwind
[INFO] [stderr]                                  at /rustc/9610dfe5a9a731ced1ea4923ecbd0c57fe367898/library/std/src/panicking.rs:593:5
[INFO] [stderr]     15:     0x55dc650a0693 - core::panicking::panic_fmt::h65404fc8061ee73a
[INFO] [stderr]                                  at /rustc/9610dfe5a9a731ced1ea4923ecbd0c57fe367898/library/core/src/panicking.rs:67:14
[INFO] [stderr]     16:     0x55dc650b83e1 - cc::fail::h580cd96e9e3f85a8
[INFO] [stderr]     17:     0x55dc650a75f5 - cc::Build::compile::hddc9a385f0a589a7
[INFO] [stderr]     18:     0x55dc650a2a8b - build_script_build::main::h060a33640d4f3dc0
[INFO] [stderr]     19:     0x55dc650a30b3 - core::ops::function::FnOnce::call_once::h1d5e5467be6b89d6
[INFO] [stderr]     20:     0x55dc650a2ef6 - std::sys_common::backtrace::__rust_begin_short_backtrace::hfef2657a8e9ab572
[INFO] [stderr]     21:     0x55dc650a2159 - std::rt::lang_start::{{closure}}::h60c713c71e826fc9
[INFO] [stderr]     22:     0x55dc65122175 - core::ops::function::impls::<impl core::ops::function::FnOnce<A> for &F>::call_once::h49ef85a8a8d45198
[INFO] [stderr]                                  at /rustc/9610dfe5a9a731ced1ea4923ecbd0c57fe367898/library/core/src/ops/function.rs:284:13
[INFO] [stderr]     23:     0x55dc65122175 - std::panicking::try::do_call::ha1def14af693a135
[INFO] [stderr]                                  at /rustc/9610dfe5a9a731ced1ea4923ecbd0c57fe367898/library/std/src/panicking.rs:500:40
[INFO] [stderr]     24:     0x55dc65122175 - std::panicking::try::haa3dc2a1139932e2
[INFO] [stderr]                                  at /rustc/9610dfe5a9a731ced1ea4923ecbd0c57fe367898/library/std/src/panicking.rs:464:19
[INFO] [stderr]     25:     0x55dc65122175 - std::panic::catch_unwind::h9d9cbebaf9f15c67
[INFO] [stderr]                                  at /rustc/9610dfe5a9a731ced1ea4923ecbd0c57fe367898/library/std/src/panic.rs:142:14
[INFO] [stderr]     26:     0x55dc65122175 - std::rt::lang_start_internal::{{closure}}::hf660a772669a69cc
[INFO] [stderr]                                  at /rustc/9610dfe5a9a731ced1ea4923ecbd0c57fe367898/library/std/src/rt.rs:148:48
[INFO] [stderr]     27:     0x55dc65122175 - std::panicking::try::do_call::hb1c34715bb9b1c46
[INFO] [stderr]                                  at /rustc/9610dfe5a9a731ced1ea4923ecbd0c57fe367898/library/std/src/panicking.rs:500:40
[INFO] [stderr]     28:     0x55dc65122175 - std::panicking::try::h499866fd990da8f1
[INFO] [stderr]                                  at /rustc/9610dfe5a9a731ced1ea4923ecbd0c57fe367898/library/std/src/panicking.rs:464:19
[INFO] [stderr]     29:     0x55dc65122175 - std::panic::catch_unwind::hac1ffec55b72e7bc
[INFO] [stderr]                                  at /rustc/9610dfe5a9a731ced1ea4923ecbd0c57fe367898/library/std/src/panic.rs:142:14
[INFO] [stderr]     30:     0x55dc65122175 - std::rt::lang_start_internal::h0fecf91cd579e7b6
[INFO] [stderr]                                  at /rustc/9610dfe5a9a731ced1ea4923ecbd0c57fe367898/library/std/src/rt.rs:148:20
[INFO] [stderr]     31:     0x55dc650a2137 - std::rt::lang_start::h304a9794a6d8ac37
[INFO] [stderr]     32:     0x55dc650a2cd5 - main
[INFO] [stderr]     33:     0x7f19605f1d90 - <unknown>
[INFO] [stderr]     34:     0x7f19605f1e40 - __libc_start_main
[INFO] [stderr]     35:     0x55dc650a0e25 - _start
[INFO] [stderr]     36:                0x0 - <unknown>
[INFO] running `Command { std: "docker" "inspect" "d50dc15c5e8199318b354bedcdede8e2cb5019d109989ac8bd6a8510e70b5f55", kill_on_drop: false }`
[INFO] running `Command { std: "docker" "rm" "-f" "d50dc15c5e8199318b354bedcdede8e2cb5019d109989ac8bd6a8510e70b5f55", kill_on_drop: false }`
[INFO] [stdout] d50dc15c5e8199318b354bedcdede8e2cb5019d109989ac8bd6a8510e70b5f55
